Apache Logs · 8 min read · Jan 27, 2026
Unire più log di accesso Apache in un unico log di accesso complessivo
Unire più log di accesso Apache in un unico log di accesso complessivo
Versione 1.0
Autore: Falko Timme
Supponiamo di avere un’applicazione web che gira su un cluster di nodi Apache. Ogni nodo genera il proprio log di accesso Apache da cui è possibile generare statistiche sulle visualizzazioni delle pagine con strumenti come Webalizer o AWStats. Ovviamente non si desidera avere statistiche sulle visualizzazioni delle pagine per ogni nodo Apache, ma statistiche complessive sulle visualizzazioni delle pagine. Per ottenere ciò, dobbiamo unire i log di accesso di ciascun nodo in un unico log di accesso complessivo che possiamo poi fornire a Webalizer o AWStats. Esiste uno script Perl chiamato logresolvemerge.pl (parte del pacchetto AWStats) che può fare questo per noi.
Non fornisco alcuna garanzia che questo funzionerà per te!
1 Nota preliminare
Ho testato questo su un sistema Debian, ma la procedura è la stessa su ogni altra distribuzione, tranne per l’installazione dei pacchetti. Usa il gestore di pacchetti della tua distribuzione (ad es. apt, yum, yast, urpmi) per installare i pacchetti.
Presumo che tu stia utilizzando un singolo host (tipicamente questo è l’host su cui esegui Webalizer o AWStats per generare le statistiche) per raccogliere i log di accesso dai nodi Apache (non coprirò come trasferire i log di accesso dai nodi Apache all’host dove raccogliamo i log - puoi farlo con rsync, ad esempio, come mostrato in questo tutorial: Mirror Your Web Site With rsync) - sto usando la directory /var/log/webcluster qui per memorizzare i log di accesso dei nodi Apache.
2 Installazione di logresolvemerge.pl
Come ho detto prima, logresolvemerge.pl è parte del pacchetto AWStats, quindi lo installiamo ora (anche se non vuoi usarlo - puoi comunque usare Webalizer se preferisci):
apt-get install awstatslogresolvemerge.pl si trova ora nella directory /usr/share/doc/awstats/examples. Spostiamolo in /usr/local/bin in modo che sia nel nostro PATH:
mv /usr/share/doc/awstats/examples/logresolvemerge.pl /usr/local/bin (Se non riesci a trovare il tuo logresolvemerge.pl, puoi cercarlo in questo modo:
updatedb
locate logresolvemerge.pl
e poi spostarlo in /usr/local/bin.)
3 Utilizzo di logresolvemerge.pl
Supponiamo di avere due log di accesso in /var/log/webcluster, /var/log/webcluster/access_log_server1 e /var/log/webcluster/access_log_server2.
Sto usando due log di accesso di esempio qui per dimostrare come funziona logresolvemerge.pl. Entrambi i log di accesso contengono gli stessi dati a scopo dimostrativo, ma le date delle richieste differiscono di un secondo su server1 e server2. Dopo aver unito entrambi i log con logresolvemerge.pl, il log di accesso complessivo dovrebbe contenere le richieste in ordine cronologico in modo che Webalizer e AWStats possano elaborarle correttamente.
/var/log/webcluster/access_log_server1 appare così:
cat /var/log/webcluster/access_log_server1192.6.178.101 - - [17/Oct/2007:18:50:27 +0200] "GET /themes/htf_glass/images/header_tab6.png HTTP/1.0" 200 7434 "https://www.howtoforge.com/data_recovery_with_testdisk" "Mozilla/4.0 (compatibile; MSIE 6.0; Windows NT 5.1; SV1; InfoPath.1; .NET CLR 1.0.3705; .NET CLR 2.0.50727)"
72.149.148.248 - - [17/Oct/2007:18:50:29 +0200] "GET /misc/menu-leaf.png HTTP/1.1" 200 108 "https://www.howtoforge.com/the_perfect_desktop_mandriva_2008.0" "Mozilla/4.0 (compatibile; MSIE 6.0; Windows NT 5.1)"
24.8.231.74 - - [17/Oct/2007:18:50:31 +0200] "GET /forums/showthread.php?t=15338 HTTP/1.0" 200 59342 "https://www.howtoforge.com/forums/search.php?searchid=624841" "Wget/1.10.2"
24.127.251.14 - - [17/Oct/2007:18:50:33 +0200] "POST /mailgust/index.php HTTP/1.1" 200 1662 "https://www.howtoforge.com/mailgust/index.php?method=login_form&list=maillistuser" "Mozilla/4.0 (compatibile; MSIE 7.0; Windows NT 5.1; Avant Browser; .NET CLR 1.1.4322; .NET CLR 2.0.50727; InfoPath.1; .NET CLR 3.0.04506.30)"
72.149.148.248 - - [17/Oct/2007:18:50:35 +0200] "GET /images/print.gif HTTP/1.1" 200 217 "https://www.howtoforge.com/the_perfect_desktop_mandriva_2008.0" "Mozilla/4.0 (compatibile; MSIE 6.0; Windows NT 5.1)"
192.6.178.101 - - [17/Oct/2007:18:50:37 +0200] "GET /themes/htf_glass/images/howtoforge_logo_trans.gif HTTP/1.0" 200 184 "https://www.howtoforge.com/data_recovery_with_testdisk" "Mozilla/4.0 (compatibile; MSIE 6.0; Windows NT 5.1; SV1; InfoPath.1; .NET CLR 1.0.3705; .NET CLR 2.0.50727)"
76.22.105.74 - - [17/Oct/2007:18:50:39 +0200] "GET /themes/htf_glass/images/search_small.gif HTTP/1.1" 200 1367 "https://www.howtoforge.com/the_perfect_desktop_mandriva_2008.0" "Mozilla/5.0 (compatibile; Konqueror/3.5; Linux) KHTML/3.5.5 (come Gecko) (Debian)"
192.6.178.101 - - [17/Oct/2007:18:50:41 +0200] "GET /themes/htf_glass/images/join_small.gif HTTP/1.0" 200 1212 "https://www.howtoforge.com/data_recovery_with_testdisk" "Mozilla/4.0 (compatibile; MSIE 6.0; Windows NT 5.1; SV1; InfoPath.1; .NET CLR 1.0.3705; .NET CLR 2.0.50727)"
192.6.178.101 - - [17/Oct/2007:18:50:43 +0200] "GET /forums/clientscript/vbulletin_md5.js HTTP/1.0" 200 9661 "https://www.howtoforge.com/data_recovery_with_testdisk" "Mozilla/4.0 (compatibile; MSIE 6.0; Windows NT 5.1; SV1; InfoPath.1; .NET CLR 1.0.3705; .NET CLR 2.0.50727)"
24.127.251.14 - - [17/Oct/2007:18:50:45 +0200] "GET /mailgust/i/menushadow.gif HTTP/1.1" 200 59 "https://www.howtoforge.com/mailgust/index.php" "Mozilla/4.0 (compatibile; MSIE 7.0; Windows NT 5.1; Avant Browser; .NET CLR 1.1.4322; .NET CLR 2.0.50727; InfoPath.1; .NET CLR 3.0.04506.30)"/var/log/webcluster/access_log_server2 appare così:
cat /var/log/webcluster/access_log_server2192.6.178.101 - - [17/Oct/2007:18:50:28 +0200] "GET /themes/htf_glass/images/header_tab6.png HTTP/1.0" 200 7434 "https://www.howtoforge.com/data_recovery_with_testdisk" "Mozilla/4.0 (compatibile; MSIE 6.0; Windows NT 5.1; SV1; InfoPath.1; .NET CLR 1.0.3705; .NET CLR 2.0.50727)"
72.149.148.248 - - [17/Oct/2007:18:50:30 +0200] "GET /misc/menu-leaf.png HTTP/1.1" 200 108 "https://www.howtoforge.com/the_perfect_desktop_mandriva_2008.0" "Mozilla/4.0 (compatibile; MSIE 6.0; Windows NT 5.1)"
24.8.231.74 - - [17/Oct/2007:18:50:32 +0200] "GET /forums/showthread.php?t=15338 HTTP/1.0" 200 59342 "https://www.howtoforge.com/forums/search.php?searchid=624841" "Wget/1.10.2"
24.127.251.14 - - [17/Oct/2007:18:50:34 +0200] "POST /mailgust/index.php HTTP/1.1" 200 1662 "https://www.howtoforge.com/mailgust/index.php?method=login_form&list=maillistuser" "Mozilla/4.0 (compatibile; MSIE 7.0; Windows NT 5.1; Avant Browser; .NET CLR 1.1.4322; .NET CLR 2.0.50727; InfoPath.1; .NET CLR 3.0.04506.30)"
72.149.148.248 - - [17/Oct/2007:18:50:36 +0200] "GET /images/print.gif HTTP/1.1" 200 217 "https://www.howtoforge.com/the_perfect_desktop_mandriva_2008.0" "Mozilla/4.0 (compatibile; MSIE 6.0; Windows NT 5.1)"
192.6.178.101 - - [17/Oct/2007:18:50:38 +0200] "GET /themes/htf_glass/images/howtoforge_logo_trans.gif HTTP/1.0" 200 184 "https://www.howtoforge.com/data_recovery_with_testdisk" "Mozilla/4.0 (compatibile; MSIE 6.0; Windows NT 5.1; SV1; InfoPath.1; .NET CLR 1.0.3705; .NET CLR 2.0.50727)"
76.22.105.74 - - [17/Oct/2007:18:50:40 +0200] "GET /themes/htf_glass/images/search_small.gif HTTP/1.1" 200 1367 "https://www.howtoforge.com/the_perfect_desktop_mandriva_2008.0" "Mozilla/5.0 (compatibile; Konqueror/3.5; Linux) KHTML/3.5.5 (come Gecko) (Debian)"
192.6.178.101 - - [17/Oct/2007:18:50:42 +0200] "GET /themes/htf_glass/images/join_small.gif HTTP/1.0" 200 1212 "https://www.howtoforge.com/data_recovery_with_testdisk" "Mozilla/4.0 (compatibile; MSIE 6.0; Windows NT 5.1; SV1; InfoPath.1; .NET CLR 1.0.3705; .NET CLR 2.0.50727)"
192.6.178.101 - - [17/Oct/2007:18:50:44 +0200] "GET /forums/clientscript/vbulletin_md5.js HTTP/1.0" 200 9661 "https://www.howtoforge.com/data_recovery_with_testdisk" "Mozilla/4.0 (compatibile; MSIE 6.0; Windows NT 5.1; SV1; InfoPath.1; .NET CLR 1.0.3705; .NET CLR 2.0.50727)"
24.127.251.14 - - [17/Oct/2007:18:50:46 +0200] "GET /mailgust/i/menushadow.gif HTTP/1.1" 200 59 "https://www.howtoforge.com/mailgust/index.php" "Mozilla/4.0 (compatibile; MSIE 7.0; Windows NT 5.1; Avant Browser; .NET CLR 1.1.4322; .NET CLR 2.0.50727; InfoPath.1; .NET CLR 3.0.04506.30)"Per unire entrambi i log di accesso nel log di accesso complessivo /var/log/webcluster/access_log_overall, eseguiamo:
logresolvemerge.pl /var/log/webcluster/access_log_server* > /var/log/webcluster/access_log_overallSe ricevi un messaggio di errore come questo:
server1:~# logresolvemerge.pl /var/log/webcluster/access_log_server* > /var/log/webcluster/access_log_overall
-bash: /usr/local/bin/logresolvemerge.pl: /usr/bin/perl^M: interprete errato: Nessun file o directory
server1:~#
questo significa che logresolvemerge.pl contiene interruzioni di riga di Windows. Per risolvere questo problema, possiamo convertirle in interruzioni di riga Unix con lo strumento dos2unix che fa parte del pacchetto sysutils su Debian. Pertanto, installiamo ora il pacchetto sysutils:
apt-get install sysutilsDopo, correggiamo lo script logresolvemerge.pl:
dos2unix /usr/local/bin/logresolvemerge.pl /usr/local/bin/logresolvemerge.plOra puoi eseguire
logresolvemerge.pl /var/log/webcluster/access_log_server* > /var/log/webcluster/access_log_overalldi nuovo, e questa volta non ci dovrebbero essere errori.
(Se non vuoi usare caratteri jolly, ma specificare ogni singolo log di accesso, puoi usare logresolvemerge.pl in questo modo con lo stesso risultato:
logresolvemerge.pl /var/log/webcluster/access_log_server1 /var/log/webcluster/access_log_server2 > /var/log/webcluster/access_log_overall)
Ora dovresti avere un log di accesso complessivo, /var/log/webcluster/access_log_overall, che dovrebbe contenere le richieste di /var/log/webcluster/access_log_server1 e /var/log/webcluster/access_log_server2 in ordine cronologico:
cat /var/log/webcluster/access_log_overall 192.6.178.101 - - [17/Oct/2007:18:50:27 +0200] "GET /themes/htf_glass/images/header_tab6.png HTTP/1.0" 200 7434 "https://www.howtoforge.com/data_recovery_with_testdisk" "Mozilla/4.0 (compatibile; MSIE 6.0; Windows NT 5.1; SV1; InfoPath.1; .NET CLR 1.0.3705; .NET CLR 2.0.50727)"
192.6.178.101 - - [17/Oct/2007:18:50:28 +0200] "GET /themes/htf_glass/images/header_tab6.png HTTP/1.0" 200 7434 "https://www.howtoforge.com/data_recovery_with_testdisk" "Mozilla/4.0 (compatibile; MSIE 6.0; Windows NT 5.1; SV1; InfoPath.1; .NET CLR 1.0.3705; .NET CLR 2.0.50727)"
72.149.148.248 - - [17/Oct/2007:18:50:29 +0200] "GET /misc/menu-leaf.png HTTP/1.1" 200 108 "https://www.howtoforge.com/the_perfect_desktop_mandriva_2008.0" "Mozilla/4.0 (compatibile; MSIE 6.0; Windows NT 5.1)"
72.149.148.248 - - [17/Oct/2007:18:50:30 +0200] "GET /misc/menu-leaf.png HTTP/1.1" 200 108 "https://www.howtoforge.com/the_perfect_desktop_mandriva_2008.0" "Mozilla/4.0 (compatibile; MSIE 6.0; Windows NT 5.1)"
24.8.231.74 - - [17/Oct/2007:18:50:31 +0200] "GET /forums/showthread.php?t=15338 HTTP/1.0" 200 59342 "https://www.howtoforge.com/forums/search.php?searchid=624841" "Wget/1.10.2"
24.8.231.74 - - [17/Oct/2007:18:50:32 +0200] "GET /forums/showthread.php?t=15338 HTTP/1.0" 200 59342 "https://www.howtoforge.com/forums/search.php?searchid=624841" "Wget/1.10.2"
24.127.251.14 - - [17/Oct/2007:18:50:33 +0200] "POST /mailgust/index.php HTTP/1.1" 200 1662 "https://www.howtoforge.com/mailgust/index.php?method=login_form&list=maillistuser" "Mozilla/4.0 (compatibile; MSIE 7.0; Windows NT 5.1; Avant Browser; .NET CLR 1.1.4322; .NET CLR 2.0.50727; InfoPath.1; .NET CLR 3.0.04506.30)"
24.127.251.14 - - [17/Oct/2007:18:50:34 +0200] "POST /mailgust/index.php HTTP/1.1" 200 1662 "https://www.howtoforge.com/mailgust/index.php?method=login_form&list=maillistuser" "Mozilla/4.0 (compatibile; MSIE 7.0; Windows NT 5.1; Avant Browser; .NET CLR 1.1.4322; .NET CLR 2.0.50727; InfoPath.1; .NET CLR 3.0.04506.30)"
72.149.148.248 - - [17/Oct/2007:18:50:35 +0200] "GET /images/print.gif HTTP/1.1" 200 217 "https://www.howtoforge.com/the_perfect_desktop_mandriva_2008.0" "Mozilla/4.0 (compatibile; MSIE 6.0; Windows NT 5.1)"
72.149.148.248 - - [17/Oct/2007:18:50:36 +0200] "GET /images/print.gif HTTP/1.1" 200 217 "https://www.howtoforge.com/the_perfect_desktop_mandriva_2008.0" "Mozilla/4.0 (compatibile; MSIE 6.0; Windows NT 5.1)"
192.6.178.101 - - [17/Oct/2007:18:50:37 +0200] "GET /themes/htf_glass/images/howtoforge_logo_trans.gif HTTP/1.0" 200 184 "https://www.howtoforge.com/data_recovery_with_testdisk" "Mozilla/4.0 (compatibile; MSIE 6.0; Windows NT 5.1; SV1; InfoPath.1; .NET CLR 1.0.3705; .NET CLR 2.0.50727)"
192.6.178.101 - - [17/Oct/2007:18:50:38 +0200] "GET /themes/htf_glass/images/howtoforge_logo_trans.gif HTTP/1.0" 200 184 "https://www.howtoforge.com/data_recovery_with_testdisk" "Mozilla/4.0 (compatibile; MSIE 6.0; Windows NT 5.1; SV1; InfoPath.1; .NET CLR 1.0.3705; .NET CLR 2.0.50727)"
76.22.105.74 - - [17/Oct/2007:18:50:39 +0200] "GET /themes/htf_glass/images/search_small.gif HTTP/1.1" 200 1367 "https://www.howtoforge.com/the_perfect_desktop_mandriva_2008.0" "Mozilla/5.0 (compatibile; Konqueror/3.5; Linux) KHTML/3.5.5 (come Gecko) (Debian)"
76.22.105.74 - - [17/Oct/2007:18:50:40 +0200] "GET /themes/htf_glass/images/search_small.gif HTTP/1.1" 200 1367 "https://www.howtoforge.com/the_perfect_desktop_mandriva_2008.0" "Mozilla/5.0 (compatibile; Konqueror/3.5; Linux) KHTML/3.5.5 (come Gecko) (Debian)"
192.6.178.101 - - [17/Oct/2007:18:50:41 +0200] "GET /themes/htf_glass/images/join_small.gif HTTP/1.0" 200 1212 "https://www.howtoforge.com/data_recovery_with_testdisk" "Mozilla/4.0 (compatibile; MSIE 6.0; Windows NT 5.1; SV1; InfoPath.1; .NET CLR 1.0.3705; .NET CLR 2.0.50727)"
192.6.178.101 - - [17/Oct/2007:18:50:42 +0200] "GET /themes/htf_glass/images/join_small.gif HTTP/1.0" 200 1212 "https://www.howtoforge.com/data_recovery_with_testdisk" "Mozilla/4.0 (compatibile; MSIE 6.0; Windows NT 5.1; SV1; InfoPath.1; .NET CLR 1.0.3705; .NET CLR 2.0.50727)"
192.6.178.101 - - [17/Oct/2007:18:50:43 +0200] "GET /forums/clientscript/vbulletin_md5.js HTTP/1.0" 200 9661 "https://www.howtoforge.com/data_recovery_with_testdisk" "Mozilla/4.0 (compatibile; MSIE 6.0; Windows NT 5.1; SV1; InfoPath.1; .NET CLR 1.0.3705; .NET CLR 2.0.50727)"
192.6.178.101 - - [17/Oct/2007:18:50:44 +0200] "GET /forums/clientscript/vbulletin_md5.js HTTP/1.0" 200 9661 "https://www.howtoforge.com/data_recovery_with_testdisk" "Mozilla/4.0 (compatibile; MSIE 6.0; Windows NT 5.1; SV1; InfoPath.1; .NET CLR 1.0.3705; .NET CLR 2.0.50727)"
24.127.251.14 - - [17/Oct/2007:18:50:45 +0200] "GET /mailgust/i/menushadow.gif HTTP/1.1" 200 59 "https://www.howtoforge.com/mailgust/index.php" "Mozilla/4.0 (compatibile; MSIE 7.0; Windows NT 5.1; Avant Browser; .NET CLR 1.1.4322; .NET CLR 2.0.50727; InfoPath.1; .NET CLR 3.0.04506.30)"
24.127.251.14 - - [17/Oct/2007:18:50:46 +0200] "GET /mailgust/i/menushadow.gif HTTP/1.1" 200 59 "https://www.howtoforge.com/mailgust/index.php" "Mozilla/4.0 (compatibile; MSIE 7.0; Windows NT 5.1; Avant Browser; .NET CLR 1.1.4322; .NET CLR 2.0.50727; InfoPath.1; .NET CLR 3.0.04506.30)"4 Creazione di un lavoro cron per logresolvemerge.pl
Certo, non vuoi eseguire logresolvemerge.pl manualmente ogni giorno; quindi creiamo un lavoro cron proprio ora:
crontab -eSe desideri eseguire logresolvemerge.pl ogni notte alle 4:00, il tuo lavoro cron potrebbe apparire così (regola l’ora secondo le tue esigenze):
| 0 4 * * * /usr/local/bin/logresolvemerge.pl /var/log/webcluster/access_log_server* > /var/log/webcluster/access_log_overall |
5 Link
AWStats: http://awstats.sourceforge.net
Webalizer: http://www.mrunix.net/webalizer
Debian: http://www.debian.org
Ricevi i nuovi post nella tua casella di posta.
Nessuno spam. Disiscriviti in qualsiasi momento.